inder when 36790 is divided by 1364.
1326
What is the remainder when 28494 is divided by 1142?
1086
Calculate the remainder when 37801 is divided by 445.
421
Calculate the remainder when 749 is divided by 76.
65
Calculate the remainder when 123381 is divided by 24.
21
What is the remainder when 102967 is divided by 123?
16
What is the remainder when 6364 is divided by 109?
42
What is the remainder when 35792 is divided by 5113?
1
Calculate the remainder when 489321 is divided by 514.
507
Calculate the remainder when 74337 is divided by 74323.
14
Calculate the remainder when 1376 is divided by 682.
12
What is the remainder when 4705 is divided by 1548?
61
What is the remainder when 42143 is divided by 1360?
1343
Calculate the remainder when 21622 is divided by 159.
157
What is the remainder when 3064281 is divided by 59?
57
What is the remainder when 6620 is divided by 391?
364
Calculate the remainder when 395185 is divided by 430.
15
Calculate the remainder when 15352 is divided by 3799.
156
What is the remainder when 209152 is divided by 16088?
8
Calculate the remainder when 137185 is divided by 350.
335
What is the remainder when 82075 is divided by 16?
11
What is the remainder when 2717894 is divided by 1448?
1446
What is the remainder when 1784 is divided by 1175?
609
Calculate the remainder when 5100 is divided by 19.
8
What is the remainder when 18597 is divided by 49?
26
Calculate the remainder when 780 is divided by 11.
10
Calculate the remainder when 705093 is divided by 36.
33
Calculate the remainder when 159273 is divided by 220.
213
What is the remainder when 807 is divided by 45?
42
What is the remainder when 16371 is divided by 159?
153
What is the remainder when 29821 is divided by 67?
6
What is the remainder when 3637 is divided by 130?
127
What is the remainder when 19918 is divided by 120?
118
Calculate the remainder when 5510 is divided by 344.
6
What is the remainder when 128334 is divided by 742?
710
What is the remainder when 8363 is divided by 755?
58
Calculate the remainder when 20733 is divided by 9.
6
What is the remainder when 40202 is divided by 423?
17
Calculate the remainder when 1736 is divided by 34.
2
What is the remainder when 15264898 is divided by 14?
12
What is the remainder when 7443 is divided by 2468?
39
What is the remainder when 1830 is divided by 169?
140
Calculate the remainder when 16137 is divided by 5374.
15
Calculate the remainder when 44290 is divided by 33.
4
What is the remainder when 753079 is divided by 109?
107
What is the remainder when 80489 is divided by 167?
162
What is the remainder when 12664 is divided by 3162?
16
What is the remainder when 357596 is divided by 319?
316
What is the remainder when 13245 is divided by 1?
0
Calculate the remainder when 9561 is divided by 563.
553
Calculate the remainder when 14693 is divided by 9.
5
What is the remainder when 48759 is divided by 20?
19
What is the remainder when 5656 is divided by 2813?
30
Calculate the remainder when 594536 is divided by 180.
176
What is the remainder when 28878 is divided by 38?
36
What is the remainder when 84349 is divided by 350?
349
What is the remainder when 18044 is divided by 126?
26
Calculate the remainder when 2280 is divided by 1102.
76
What is the remainder when 6848 is divided by 855?
8
What is the remainder when 33501 is divided by 96?
93
Calculate the remainder when 12521 is divided by 62.
59
What is the remainder when 15483 is divided by 7366?
751
Calculate the remainder when 410357 is divided by 78.
77
What is the remainder when 14208 is divided by 592?
0
What is the remainder when 47505 is divided by 47414?
91
What is the remainder when 237468 is divided by 462?
0
Calculate the remainder when 717500 is divided by 239160.
20
What is the remainder when 12974 is divided by 212?
42
Calculate the remainder when 103434 is divided by 13.
6
Calculate the remainder when 990015 is divided by 992.
991
Calculate the remainder when 63137 is divided by 903.
830
Calculate the remainder when 456312 is divided by 17.
15
Calculate the remainder when 285544 is divided by 95180.
4
What is the remainder when 8006 is divided by 19?
7
Calculate the remainder when 9788 is divided by 97.
88
Calculate the remainder when 1582 is divided by 241.
136
Calculate the remainder when 201368 is divided by 67121.
5
What is the remainder when 351647 is divided by 52?
23
What is the remainder when 9571 is divided by 8?
3
What is the remainder when 1904 is divided by 818?
268
Calculate the remainder when 5751 is divided by 2786.
179
Calculate the remainder when 148673 is divided by 3034.
7
What is the remainder when 5433 is divided by 16?
9
Calculate the remainder when 662 is divided by 80.
22
What is the remainder when 14013 is divided by 6908?
197
Calculate the remainder when 6267 is divided by 1039.
33
Calculate the remainder when 1009 is divided by 218.
137
Calculate the remainder when 4382 is divided by 1058.
150
Calculate the remainder when 310318 is divided by 30.
28
Calculate the remainder when 1511 is divided by 189.
188
What is the remainder when 11515 is divided by 281?
275
What is the remainder when 7045 is divided by 1006?
3
What is the remainder when 28724 is divided by 252?
248
Calculate the remainder when 2695 is divided by 142.
139
What is the remainder when 1760 is divided by 67?
18
Calculate the remainder when 1534 is divided by 266.
204
What is the remainder when 26027 is divided by 20?
7
What is the remainder when 6519 is divided by 6509?
10
What is the remainder when 2105 is divided by 2042?
63
What is the remainder when 1531 is divided by 402?
325
Calculate the remainder when 5401 is divided by 849.
307
What is the remainder when 3280 is divided by 919?
523
Calculate the remainder when 75549 is divided by 840.
789
What is the remainder when 42871 is divided by 93?
91
Calculate the remainder when 2825 is divided by 940.
5
What is the remainder when 18212 is divided by 57?
29
Calculate the remainder when 5760 is divided by 275.
260
Calculate the remainder when 68803 is divided by 283.
34
What is the remainder when 21597 is divided by 40?
37
What is the remainder when 62322 is divided by 1558?
2
Calculate the remainder when 35634 is divided by 35623.
11
What is the remainder when 1915011 is divided by 1363?
1359
Calculate the remainder when 1598 is divided by 1596.
2
Calculate the remainder when 2873851 is divided by 163.
161
What is the remainder when 8161 is divided by 8157?
4
Calculate the remainder when 74650 is divided by 37318.
14
Calculate the remainder when 16412 is divided by 110.
22
Calculate the remainder when 751 is divided by 15.
1
Calculate the remainder when 32995 is divided by 5.
0
What is the remainder when 2803173 is divided by 25?
23
What is the remainder when 9207 is divided by 402?
363
Calculate the remainder when 1808 is divided by 134.
66
Calculate the remainder when 1419 is divided by 602.
215
What is the remainder when 292820 is divided by 498?
494
What is the remainder when 248645 is divided by 124312?
21
Calculate the remainder when 1581930 is divided by 905.
895
Calculate the remainder when 11967 is divided by 132.
87
What is the remainder when 1898 is divided by 1697?
201
Calculate the remainder when 65162 is divided by 519.
287
What is the remainder when 40254 is divided by 1150?
4
Calculate the remainder when 41065 is divided by 567.
241
Calculate the remainder when 91376 is divided by 11.
10
Calculate the remainder when 3916 is divided by 804.
700
What is the remainder when 24352 is divided by 140?
132
Calculate the remainder when 1073971 is divided by 475.
471
Calculate the remainder when 56111 is divided by 1403.
1394
What is the remainder when 21955 is divided by 44?
43
What is the remainder when 101669 is divided by 260?
9
What is the remainder when 727146 is divided by 980?
966
What is the remainder when 4252 is divided by 479?
420
What is the remainder when 20183 is divided by 10001?
181
Calculate the remainder when 149726 is divided by 35.
31
Calculate the remainder when 787750 is divided by 28.
26
Calculate the remainder when 31436 is divided by 11.
9
What is the remainder when 11501 is divided by 1272?
53
What is the remainder when 1590171 is divided by 2860?
11
What is the 